{"id":110,"date":"2015-10-21T08:55:29","date_gmt":"2015-10-21T08:55:29","guid":{"rendered":"http:\/\/demo.themeton.com\/nrgbusiness\/?page_id=4"},"modified":"2022-05-27T21:18:53","modified_gmt":"2022-05-27T21:18:53","slug":"home-page","status":"publish","type":"page","link":"https:\/\/padua.cl\/","title":{"rendered":"Home Page"},"content":{"rendered":"<p>[vc_row one_page_section=&#8221;yes&#8221; one_page_label=&#8221;Inicio&#8221; one_page_slug=&#8221;inicio&#8221; css=&#8221;.vc_custom_1652974248049{margin-bottom: 0px !important;background-position: center !important;background-repeat: no-repeat !important;background-size: cover !important;}&#8221;][vc_column css=&#8221;.vc_custom_1652892267519{margin-top: 60px !important;}&#8221;][rev_slider_vc alias=&#8221;business&#8221; el_class=&#8221;no-margin-bottom&#8221;][slider_navigation style=&#8221;transparent&#8221;][slider_navigation_el icon_type=&#8221;icon_image&#8221; image=&#8221;18&#8243; title=&#8221;Sobre Nosotros&#8221; imagesize=&#8221;80&#215;80&#8243;][slider_navigation_el icon_type=&#8221;icon_image&#8221; image=&#8221;8&#8243; title=&#8221;Filosofia&#8221; imagesize=&#8221;80&#215;80&#8243;][slider_navigation_el icon_type=&#8221;icon_image&#8221; image=&#8221;9&#8243; title=&#8221;Principios&#8221; imagesize=&#8221;80&#215;80&#8243;][slider_navigation_el icon_type=&#8221;icon_image&#8221; image=&#8221;10&#8243; title=&#8221;Experencia&#8221; imagesize=&#8221;80&#215;80&#8243;][\/slider_navigation][\/vc_column][\/vc_row][vc_row full_width=&#8221;stretch_row_content_no_spaces&#8221; one_page_section=&#8221;yes&#8221; one_page_label=&#8221;Servicios&#8221; one_page_slug=&#8221;servicios&#8221; css=&#8221;.vc_custom_1652974199036{margin-bottom: -20px !important;}&#8221;][vc_column][vc_column_text css=&#8221;.vc_custom_1652891682322{margin-bottom: 0px !important;}&#8221;]<\/p>\n<h2 style=\"color: #333333; margin-bottom: 23px; text-align: center;\">SERVICIOS<\/h2>\n<p>[\/vc_column_text][vc_tta_tabs alignment=&#8221;center&#8221; active_section=&#8221;1&#8243; css=&#8221;.vc_custom_1652973514776{margin-top: -20px !important;}&#8221;][vc_tta_section icon_type=&#8221;icon_image&#8221; image=&#8221;24&#8243; title=&#8221;Limpieza de Vidrios&#8221; tab_id=&#8221;1445413033767-4a89a80c-91a9&#8243;][vc_row_inner equal_height=&#8221;yes&#8221; css=&#8221;.vc_custom_1652899994598{margin-top: -20px !important;background-color: #5caf36 !important;}&#8221; el_class=&#8221;text-light&#8221;][vc_column_inner vertical_align=&#8221;middle&#8221;][vc_column_text el_class=&#8221;text-light margin5x&#8221; css=&#8221;.vc_custom_1652973408162{margin-top: 0px !important;margin-bottom: 50px !important;}&#8221;]<\/p>\n<h3 class=\"et_pb_module_header\" style=\"text-align: center;\">Limpieza de vidrios<\/h3>\n<div class=\"et_pb_blurb_description\">\n<p style=\"text-align: center;\">Realizamos limpieza manual de vidrios interiores y exteriores, con personal altamente capacitado y con basta experiencia en el servicio.<\/p>\n<p style=\"text-align: center;\">Para vidrios en altura la limpieza exterior se realiza con el uso de robots limpia vidrios.<\/p>\n<\/div>\n<p>[\/vc_column_text][\/vc_column_inner][\/vc_row_inner][\/vc_tta_section][vc_tta_section icon_type=&#8221;icon_image&#8221; image=&#8221;25&#8243; title=&#8221;Lavado de Alfombra y Tapices&#8221; tab_id=&#8221;1445413034085-fc9702cb-fab8&#8243;][vc_row_inner equal_height=&#8221;yes&#8221; css=&#8221;.vc_custom_1652973150041{background-color: #5caf36 !important;}&#8221;][vc_column_inner vertical_align=&#8221;middle&#8221;][vc_column_text el_class=&#8221;text-light margin5x&#8221; css=&#8221;.vc_custom_1652973416200{margin-top: 0px !important;margin-bottom: 50px !important;}&#8221;]<\/p>\n<h3 class=\"et_pb_module_header\" style=\"text-align: center;\">Lavado de alfombras y tapices<\/h3>\n<div class=\"et_pb_blurb_description\">\n<p style=\"text-align: center;\">Realizamos lavado de alfombra muro a muro y desmontable, con m\u00e1quinas de rodillo e inyecci\u00f3n y succi\u00f3n inmediata. Con este lavado adem\u00e1s de remover suciedad se elimina \u00e1caros y bacterias previniendo su pronta reaparici\u00f3n.<\/p>\n<\/div>\n<p>[\/vc_column_text][\/vc_column_inner][\/vc_row_inner][\/vc_tta_section][vc_tta_section icon_type=&#8221;icon_image&#8221; image=&#8221;26&#8243; title=&#8221;Aseo de Oficinas&#8221; tab_id=&#8221;1445413413017-19c11456-480a&#8221;][vc_row_inner equal_height=&#8221;yes&#8221; css=&#8221;.vc_custom_1652973157752{background-color: #5caf36 !important;}&#8221;][vc_column_inner vertical_align=&#8221;middle&#8221;][vc_column_text el_class=&#8221;text-light margin5x&#8221; css=&#8221;.vc_custom_1652973423144{margin-top: 0px !important;margin-bottom: 50px !important;}&#8221;]<\/p>\n<h3 class=\"et_pb_module_header\" style=\"text-align: center;\">Aseo de oficinas<\/h3>\n<div class=\"et_pb_blurb_description\">\n<p style=\"text-align: center;\">Para este servicio contamos con turnos diurnos, nocturnos y mixtos.<\/p>\n<p style=\"text-align: center;\">Se realizan pautas especificas de limpieza para las necesidades de cada cliente, las que son supervisadas de manera presencial y remota semanalmente<\/p>\n<\/div>\n<p>[\/vc_column_text][\/vc_column_inner][\/vc_row_inner][\/vc_tta_section][vc_tta_section icon_type=&#8221;icon_image&#8221; image=&#8221;27&#8243; title=&#8221;Sanitizacion&#8221; tab_id=&#8221;1445413424020-7bb9cd59-b447&#8243;][vc_row_inner equal_height=&#8221;yes&#8221; css=&#8221;.vc_custom_1652973164087{background-color: #5caf36 !important;}&#8221;][vc_column_inner vertical_align=&#8221;middle&#8221;][vc_column_text el_class=&#8221;text-light margin5x&#8221; css=&#8221;.vc_custom_1652973430344{margin-top: 0px !important;margin-bottom: 50px !important;}&#8221;]<\/p>\n<h3 class=\"et_pb_module_header\" style=\"text-align: center;\">Sanitizaci\u00f3n<\/h3>\n<div class=\"et_pb_blurb_description\">\n<p style=\"text-align: center;\">Servicio de sanitizaci\u00f3n domestica y de oficinas. Contamos con personal capacitado y certificado.<\/p>\n<p style=\"text-align: center;\">Utilizaci\u00f3n de sanitizante con nano part\u00edculas de cobre prolongando su efectividad por m\u00e1s tiempo.<\/p>\n<\/div>\n<p>[\/vc_column_text][\/vc_column_inner][\/vc_row_inner][\/vc_tta_section][vc_tta_section icon_type=&#8221;icon_image&#8221; image=&#8221;28&#8243; title=&#8221;Aseo Domestico&#8221; tab_id=&#8221;1445413423079-da8f3f87-7223&#8243;][vc_row_inner equal_height=&#8221;yes&#8221; css=&#8221;.vc_custom_1652973170783{background-color: #5caf36 !important;}&#8221;][vc_column_inner vertical_align=&#8221;middle&#8221;][vc_column_text el_class=&#8221;text-light margin5x&#8221; css=&#8221;.vc_custom_1652973436304{margin-top: 0px !important;margin-bottom: 50px !important;}&#8221;]<\/p>\n<h3 class=\"et_pb_module_header\" style=\"text-align: center;\">Aseo Dom\u00e9stico<\/h3>\n<div class=\"et_pb_blurb_description\">\n<p style=\"text-align: center;\">Servicio de limpieza profunda dom\u00e9stica, con utilizaci\u00f3n de maquinaria de alta gama.<\/p>\n<p style=\"text-align: center;\">Esta dirigido a personas naturales, empresas del \u00e1rea de la construcci\u00f3n y corredoras de propiedad, pre y post mudanza.<\/p>\n<\/div>\n<p>[\/vc_column_text][\/vc_column_inner][\/vc_row_inner][\/vc_tta_section][\/vc_tta_tabs][\/vc_column][\/vc_row][vc_row one_page_section=&#8221;yes&#8221; one_page_label=&#8221;Proceso de Trabajo&#8221; one_page_slug=&#8221;proceso-de-trabajo&#8221; css=&#8221;.vc_custom_1652974227592{margin-bottom: 0px !important;padding-top: 136px !important;padding-bottom: 140px !important;}&#8221;][vc_column css=&#8221;.vc_custom_1433728886649{background-position: center !important;background-repeat: no-repeat !important;background-size: cover !important;}&#8221;][vc_column_text css=&#8221;.vc_custom_1652974342904{margin-bottom: 0px !important;}&#8221;]<\/p>\n<h2 style=\"text-align: center; margin-bottom: 23px;\">PROCESO DE TRABAJO<\/h2>\n<p>[\/vc_column_text][vc_tta_tabs active_section=&#8221;1&#8243; tab_style=&#8221;process&#8221;][vc_tta_section icon_type=&#8221;icon_image&#8221; image=&#8221;20&#8243; process=&#8221;1&#8243; title=&#8221;Problema&#8221; tab_id=&#8221;1445413684215-d869e5c8-a779&#8243;][vc_row_inner][vc_column_inner width=&#8221;1\/4&#8243;][vc_column_text]Buscamos la mejor alternativa junto a nuestro equipo para evaluar su problema[\/vc_column_text][\/vc_column_inner][\/vc_row_inner][\/vc_tta_section][vc_tta_section icon_type=&#8221;icon_image&#8221; image=&#8221;21&#8243; process=&#8221;2&#8243; title=&#8221;Solucion&#8221; tab_id=&#8221;1445413684686-657a0421-e819&#8243;][vc_row_inner][vc_column_inner width=&#8221;1\/4&#8243;][\/vc_column_inner][vc_column_inner width=&#8221;1\/4&#8243;][vc_column_text]Nos ponemos en contacto con el cliente para presenterla la mejor solucion a su problema[\/vc_column_text][\/vc_column_inner][vc_column_inner width=&#8221;1\/4&#8243;][\/vc_column_inner][vc_column_inner width=&#8221;1\/4&#8243;][\/vc_column_inner][\/vc_row_inner][\/vc_tta_section][vc_tta_section icon_type=&#8221;icon_image&#8221; image=&#8221;22&#8243; process=&#8221;3&#8243; title=&#8221;Realizacion del Proyecto&#8221; tab_id=&#8221;1445413735733-f999163e-c74f&#8221;][vc_row_inner][vc_column_inner width=&#8221;1\/4&#8243;][\/vc_column_inner][vc_column_inner width=&#8221;1\/4&#8243;][\/vc_column_inner][vc_column_inner width=&#8221;1\/4&#8243;][vc_column_text]<\/p>\n<p style=\"text-align: center;\">Una vez que el cliente apruebe la solucion a su problema realizamos el proyecto de manera optima y eficaz<\/p>\n<p>[\/vc_column_text][\/vc_column_inner][vc_column_inner width=&#8221;1\/4&#8243;][\/vc_column_inner][\/vc_row_inner][\/vc_tta_section][vc_tta_section icon_type=&#8221;icon_image&#8221; image=&#8221;23&#8243; process=&#8221;4&#8243; title=&#8221;Satisfaccion del Cliente&#8221; tab_id=&#8221;1445413746752-629ea166-58f5&#8243;][vc_row_inner][vc_column_inner width=&#8221;1\/4&#8243;][\/vc_column_inner][vc_column_inner width=&#8221;1\/4&#8243;][\/vc_column_inner][vc_column_inner width=&#8221;1\/4&#8243;][\/vc_column_inner][vc_column_inner width=&#8221;1\/4&#8243;][vc_column_text]<\/p>\n<p style=\"text-align: center;\">Hacemos un seguimiento constante con ejectuviso designados para cada cliente y conocer su nivel de satisfaccion<\/p>\n<p>[\/vc_column_text][\/vc_column_inner][\/vc_row_inner][\/vc_tta_section][\/vc_tta_tabs][\/vc_column][\/vc_row][vc_row full_width=&#8221;stretch_row_content_no_spaces&#8221; one_page_section=&#8221;yes&#8221; one_page_label=&#8221;Contacto&#8221; one_page_slug=&#8221;contacto&#8221; css=&#8221;.vc_custom_1652974237840{padding-top: 70px !important;padding-bottom: 70px !important;}&#8221;][vc_column][vc_column_text]<\/p>\n<h2 class=\"block-title a-block-title\" style=\"text-align: center;\">DONDE ENCONTRARNOS<\/h2>\n<p class=\"sub-title a-sub-title\" style=\"text-align: center;\">Puede venir directamente a nuestras oficinas y showroom o contactarnos via formulario web<\/p>\n<p>[\/vc_column_text][\/vc_column][\/vc_row][vc_row css=&#8221;.vc_custom_1434960609701{margin-right: 0px !important;margin-bottom: 0px !important;margin-left: 0px !important;padding-bottom: 90px !important;}&#8221;][vc_column width=&#8221;1\/3&#8243;][vc_column_text]<\/p>\n<p style=\"font-size: 13px; margin-bottom: 25px; color: #333;\"><strong>DIRECCION<\/strong><br \/>\nAvenida 2 Sur #987<br \/>\nTalca, Chile<\/p>\n<p><strong>CALL US<\/strong><br \/>\n+56712686627<\/p>\n<p><strong>EMAIL<\/strong><br \/>\n<a href=\"mailto:info@padua.cl\">info@padua.cl<\/a>[\/vc_column_text][\/vc_column][vc_column width=&#8221;1\/3&#8243;][vc_gmaps link=&#8221;#E-8_JTNDaWZyYW1lJTIwc3JjJTNEJTIyaHR0cHMlM0ElMkYlMkZ3d3cuZ29vZ2xlLmNvbSUyRm1hcHMlMkZlbWJlZCUzRnBiJTNEJTIxMW0xOCUyMTFtMTIlMjExbTMlMjExZDM4OTQuMjI2OTc1MTY1NjIzJTIxMmQtNzEuNjY2NTkzOTA1MDA5MTglMjEzZC0zNS40Mjc5Nzc4NjI0NTc5NCUyMTJtMyUyMTFmMCUyMTJmMCUyMTNmMCUyMTNtMiUyMTFpMTAyNCUyMTJpNzY4JTIxNGYxMy4xJTIxM20zJTIxMW0yJTIxMXMweDk2NjVjNmExMTIzOTU5MGQlMjUzQTB4YzE4YWRkZjE0ZjY4ZmVlMyUyMTJzRG9zJTI1MjBTdXIlMjUyMDk4NyUyNTJDJTI1MjBUYWxjYSUyNTJDJTI1MjBNYXVsZSUyMTVlMCUyMTNtMiUyMTFzZXMtNDE5JTIxMnNjbCUyMTR2MTY1Mjk3NDg0NDYzMyUyMTVtMiUyMTFzZXMtNDE5JTIxMnNjbCUyMiUyMHdpZHRoJTNEJTIyNjAwJTIyJTIwaGVpZ2h0JTNEJTIyNDUwJTIyJTIwc3R5bGUlM0QlMjJib3JkZXIlM0EwJTNCJTIyJTIwYWxsb3dmdWxsc2NyZWVuJTNEJTIyJTIyJTIwbG9hZGluZyUzRCUyMmxhenklMjIlMjByZWZlcnJlcnBvbGljeSUzRCUyMm5vLXJlZmVycmVyLXdoZW4tZG93bmdyYWRlJTIyJTNFJTNDJTJGaWZyYW1lJTNF&#8221;][\/vc_column][vc_column width=&#8221;1\/3&#8243;][vc_column_text]<div role=\"form\" class=\"wpcf7\" id=\"wpcf7-f209-o1\" lang=\"es-CL\" dir=\"ltr\">\n<div class=\"screen-reader-response\"><p role=\"status\" aria-live=\"polite\" aria-atomic=\"true\"><\/p> <ul><\/ul><\/div>\n<form action=\"\/index.php\/wp-json\/wp\/v2\/pages\/110#wpcf7-f209-o1\" method=\"post\" class=\"wpcf7-form init\" novalidate=\"novalidate\" data-status=\"init\">\n<div style=\"display: none;\">\n<input type=\"hidden\" name=\"_wpcf7\" value=\"209\" \/>\n<input type=\"hidden\" name=\"_wpcf7_version\" value=\"5.5.6.1\" \/>\n<input type=\"hidden\" name=\"_wpcf7_locale\" value=\"es_CL\" \/>\n<input type=\"hidden\" name=\"_wpcf7_unit_tag\" value=\"wpcf7-f209-o1\" \/>\n<input type=\"hidden\" name=\"_wpcf7_container_post\" value=\"0\" \/>\n<input type=\"hidden\" name=\"_wpcf7_posted_data_hash\" value=\"\" \/>\n<\/div>\n<p><label> Nombre:<br \/>\n    <span class=\"wpcf7-form-control-wrap your-name\"><input type=\"text\" name=\"your-name\" value=\"\" size=\"40\" class=\"wpcf7-form-control wpcf7-text wpcf7-validates-as-required\" aria-required=\"true\" aria-invalid=\"false\" \/><\/span> <\/label><\/p>\n<p><label> Email:<br \/>\n    <span class=\"wpcf7-form-control-wrap your-email\"><input type=\"email\" name=\"your-email\" value=\"\" size=\"40\" class=\"wpcf7-form-control wpcf7-text wpcf7-email wpcf7-validates-as-required wpcf7-validates-as-email\" aria-required=\"true\" aria-invalid=\"false\" \/><\/span> <\/label><\/p>\n<p><label> Asunto:<br \/>\n    <span class=\"wpcf7-form-control-wrap your-subject\"><input type=\"text\" name=\"your-subject\" value=\"\" size=\"40\" class=\"wpcf7-form-control wpcf7-text wpcf7-validates-as-required\" aria-required=\"true\" aria-invalid=\"false\" \/><\/span> <\/label><\/p>\n<p><label> Mensaje:<br \/>\n    <span class=\"wpcf7-form-control-wrap your-message\"><textarea name=\"your-message\" cols=\"40\" rows=\"10\" class=\"wpcf7-form-control wpcf7-textarea wpcf7-validates-as-required\" aria-required=\"true\" aria-invalid=\"false\"><\/textarea><\/span> <\/label><\/p>\n<p><input type=\"submit\" value=\"Enviar\" class=\"wpcf7-form-control has-spinner wpcf7-submit\" \/><\/p>\n<div class=\"wpcf7-response-output\" aria-hidden=\"true\"><\/div><\/form><\/div>[\/vc_column_text][\/vc_column][\/vc_row][vc_row el_id=&#8221;historia&#8221;][vc_column][vc_column_text]<\/p>\n<p style=\"text-align: center;\"><strong>HISTORIA<\/strong><\/p>\n<p>[\/vc_column_text][vc_column_text]TEXTO HISTORIA[\/vc_column_text][\/vc_column][\/vc_row]<\/p>\n","protected":false},"excerpt":{"rendered":"<p>[vc_row one_page_section=&#8221;yes&#8221; one_page_label=&#8221;Inicio&#8221; one_page_slug=&#8221;inicio&#8221; css=&#8221;.vc_custom_1652974248049{margin-bottom: 0px !important;background-position: center !important;background-repeat: no-repeat !important;background-size: cover !important;}&#8221;][vc_column css=&#8221;.vc_custom_1652892267519{margin-top: 60px !important;}&#8221;][rev_slider_vc alias=&#8221;business&#8221; el_class=&#8221;no-margin-bottom&#8221;][slider_navigation style=&#8221;transparent&#8221;][slider_navigation_el icon_type=&#8221;icon_image&#8221; image=&#8221;18&#8243; title=&#8221;Sobre Nosotros&#8221; imagesize=&#8221;80&#215;80&#8243;][slider_navigation_el icon_type=&#8221;icon_image&#8221; image=&#8221;8&#8243; title=&#8221;Filosofia&#8221; imagesize=&#8221;80&#215;80&#8243;][slider_navigation_el icon_type=&#8221;icon_image&#8221; image=&#8221;9&#8243; title=&#8221;Principios&#8221; imagesize=&#8221;80&#215;80&#8243;][slider_navigation_el icon_type=&#8221;icon_image&#8221; image=&#8221;10&#8243; title=&#8221;Experencia&#8221; imagesize=&#8221;80&#215;80&#8243;][\/slider_navigation][\/vc_column][\/vc_row][vc_row full_width=&#8221;stretch_row_content_no_spaces&#8221; one_page_section=&#8221;yes&#8221; one_page_label=&#8221;Servicios&#8221; one_page_slug=&#8221;servicios&#8221; css=&#8221;.vc_custom_1652974199036{margin-bottom: -20px !important;}&#8221;][vc_column][vc_column_text css=&#8221;.vc_custom_1652891682322{margin-bottom: 0px !important;}&#8221;]<\/p>\n<p>SERVICIOS<\/p>\n<p>[\/vc_column_text][vc_tta_tabs alignment=&#8221;center&#8221; active_section=&#8221;1&#8243; css=&#8221;.vc_custom_1652973514776{margin-top: -20px !important;}&#8221;][vc_tta_section icon_type=&#8221;icon_image&#8221; image=&#8221;24&#8243; title=&#8221;Limpieza de Vidrios&#8221; tab_id=&#8221;1445413033767-4a89a80c-91a9&#8243;][vc_row_inner equal_height=&#8221;yes&#8221; css=&#8221;.vc_custom_1652899994598{margin-top: -20px !important;background-color: #5caf36 !important;}&#8221; el_class=&#8221;text-light&#8221;][vc_column_inner vertical_align=&#8221;middle&#8221;][vc_column_text el_class=&#8221;text-light margin5x&#8221; css=&#8221;.vc_custom_1652973408162{margin-top: 0px !important;margin-bottom: 50px !important;}&#8221;]<\/p>\n<p>Limpieza de vidrios<\/p>\n<p style=\"text-align: center;\">Realizamos limpieza manual de vidrios [&#8230;]<\/p>\n","protected":false},"author":1,"featured_media":0,"parent":0,"menu_order":0,"comment_status":"closed","ping_status":"closed","template":"","meta":{"footnotes":""},"class_list":["post-110","page","type-page","status-publish","hentry"],"_links":{"self":[{"href":"https:\/\/padua.cl\/index.php\/wp-json\/wp\/v2\/pages\/110","targetHints":{"allow":["GET"]}}],"collection":[{"href":"https:\/\/padua.cl\/index.php\/wp-json\/wp\/v2\/pages"}],"about":[{"href":"https:\/\/padua.cl\/index.php\/wp-json\/wp\/v2\/types\/page"}],"author":[{"embeddable":true,"href":"https:\/\/padua.cl\/index.php\/wp-json\/wp\/v2\/users\/1"}],"replies":[{"embeddable":true,"href":"https:\/\/padua.cl\/index.php\/wp-json\/wp\/v2\/comments?post=110"}],"version-history":[{"count":79,"href":"https:\/\/padua.cl\/index.php\/wp-json\/wp\/v2\/pages\/110\/revisions"}],"predecessor-version":[{"id":226,"href":"https:\/\/padua.cl\/index.php\/wp-json\/wp\/v2\/pages\/110\/revisions\/226"}],"wp:attachment":[{"href":"https:\/\/padua.cl\/index.php\/wp-json\/wp\/v2\/media?parent=110"}],"curies":[{"name":"wp","href":"https:\/\/api.w.org\/{rel}","templated":true}]}}